 units digit of ((-819)/105)/(w/(-20) - 1)?
8
Let p(v) = 261*v - 56. Let q(d) = -2*d - 51. Let w be q(-27). What is the hundreds digit of p(w)?
7
Let i = 414 + -410. Suppose 2*d = i*f + 2469 + 281, 2*d = -5*f + 2795. What is the units digit of d?
5
Let d(u) = -8*u**2 - 515*u + 3. What is the thousands digit of d(-55)?
4
Suppose -17*u + 31343 = -2827. What is the thousands digit of u?
2
Let p(h) = h**3 + 9*h**2 + 8*h + 3. Let n be p(-8). Suppose 2*v = -n*w + 33, -2*w + 3*v + 11 + 11 = 0. What is the hundreds digit of ((-36)/44 - -1) + 1527/w?
1
Suppose 3*u + 4*z - 52 = 0, 2*z = -3*u + 2*u + 14. Let w be 629/6 + 4/u. Suppose -4*n - w = -289. What is the tens digit of n?
4
Suppose 11*m - 139 = 235. Suppose -9*a = -m - 29. Suppose 323 = 4*y + a. What is the tens digit of y?
7
Let s = -18961 - -36433. What is the tens digit of s?
7
Let a(x) = x**3 - 38*x**2 - 12*x - 103. Let v be a(38). Let z = 38 - v. What is the hundreds digit of z?
5
Let c(w) = 93*w - 118. Let l be c(13). Let i = l - 626. What is the hundreds digit of i?
4
Suppose 0 = -4*o + o + 12. Suppose 9 = o*k - 7. Suppose 4*d - k*v - 70 = d, 0 = 5*d - 4*v - 130. What is the units digit of d?
0
Let k be ((-1337)/573)/(0 - 1/45). Let j(z) = -z + 1. Let o be j(-2). Let c = k + o. What is the tens digit of c?
0
Let b(c) = 2*c**3 + 8*c**2 + 8*c - 4. Let m be b(-4). Let v be (-24)/9*m/24. Suppose 551 - 66 = v*n + 5*s, s = 5. What is the units digit of n?
5
Let n = 122 - 118. Suppose -n*w + 3*d = 2*d - 3493, 4*d = -3*w + 2596. What is the units digit of w?
2
Let j = 667 + -670. What is the hundreds digit of 3 - -884 - (3 - j)/6?
8
Suppose -8*z + 2*b - 58888 = -12*z, 3*z + b = 44166. What is the thousands digit of z?
4
Let v(u) = u**3 + 2*u**2 + 13*u - 7. Let m be v(5). Suppose -t - 4*g - 67 = -m, 0 = 4*t + 3*g - 690. What is the hundreds digit of t?
1
Let n(t) = 5*t**2 + 30*t - 1. What is the thousands digit of n(20)?
2
Suppose v = 3*q - 3478 + 214, 0 = -5*q + 4*v + 5440. Let s = q - 282. What is the tens digit of s?
0
Let a = -7469 + 9217. What is the tens digit of a?
4
Let k = -28588 + 45333. What is the hundreds digit of k?
7
Let y(u) = 152*u**2 - 58*u + 189. What is the hundreds digit of y(14)?
1
Let l = -3244 + 5828. What is the tens digit of l?
8
Suppose -5*q - w + 47841 = -3*q, -2*w - 95662 = -4*q. What is the ten thousands digit of q?
2
Let i(k) = k**3 - 16*k**2 + 70*k + 27. What is the thousands digit of i(21)?
3
Let t be ((-76)/(-5))/((-12)/(-90)). Let f = 157 - t. What is the units digit of f?
3
Let c = -43 + 76. Let y = -14 - c. Let h = 52 + y. What is the units digit of h?
5
What is the units digit of 1 - (-11328 + 1) - (-48 + -20 + 68)?
8
Suppose -25 = -2*d + 61. Suppose -d*h - 492 = -49*h. What is the units digit of h?
2
Let f = -123 - -125. Suppose -p + 3052 = 5*c, f*p = 9*c - 13*c + 2438. What is the tens digit of c?
1
Let f(d) = -2*d**3 + 5*d**2 - 4*d - 6. Let k(x) = -x**3 + 3*x**2 - 5*x - 5. Let q(h) = 2*f(h) - 3*k(h). What is the units digit of q(-5)?
8
Let u(z) be the first derivative of 14*z**3 + 2*z**2 + 2*z - 60. What is the tens digit of u(-3)?
6
Let y(l) = -l**3 - 5*l**2 + 854. Let i be y(0). Suppose -k + i - 100 = 0. What is the units digit of k?
4
Let r = 5123 + -3575. What is the tens digit of r + (3 - (3 - -1))?
4
Let c(b) = -10*b + 0*b**2 + 17 + 5 + b**3 + 10*b**2. What is the hundreds digit of c(-10)?
1
Suppose -288081 = -18*b + 157028 + 179257. What is the hundreds digit of b?
6
Let z(x) = -39*x - 84. Let n be z(18). Let m = n - -1698. What is the units digit of m?
2
Suppose -29*i = 46*i - 91*i + 150816. What is the units digit of i?
6
Let r = 1798 + -1769. Let s = 19 - 34. Let c = r + s. What is the tens digit of c?
1
Let w(z) = -11*z + 16. Let k be w(-6). Suppose k = 5*o - 228. Suppose -f + a = -o, 2*f - 3*f = 5*a - 32. What is the tens digit of f?
5
What is the tens digit of (0 + 24/(-9))/((-461236)/38436 + 12)?
2
Suppose -7*z + 4*u = -543347, 5*z + 6*u - 388078 = 5*u. What is the hundreds digit of z?
6
Let i(a) = -a**3 + 11*a**2 - 16*a + 25. Let p be i(10). Let u = p - -96. Suppose d - 4*z - u = 0, 5*z + 14 = -2*d + 84. What is the tens digit of d?
4
Let a(d) = 12*d**2 - 3*d + 3. Let c be a(-5). Let q = -1245 + 1245. Suppose x - 3*y - 67 = q, -5*x - 3*y = -y - c. What is the units digit of x?
4
Let t = -149 + -283. Let i = t + 786. Suppose i = 6*a - 264. What is the units digit of a?
3
Let r be (3 - 20/6) + 4/3. Suppose 6*o + r = 13. Suppose 0 = -o*q, 3*w - 2*q - q - 81 = 0. What is the tens digit of w?
2
Let p be (-6 + 13)*(7 - (-3 + 6)). Let z(r) = -r**3 + 28*r**2 + 23*r - 7. What is the units digit of z(p)?
7
Let s = -76 - -68. What is the units digit of s/3*(-20244)/56?
4
Let n(r) = -r**3 - 8*r**2 + 3*r + 1. Let y be n(-6). Let m = -86 - y. What is the units digit of m?
3
Suppose p = 6*p - 2*r - 4085, -4*r = 0. Suppose 4*y = -5*b + y + 1031, p = 4*b + 5*y. Let w = b - 99. What is the tens digit of w?
0
Suppose -b = f + 2, -5*b + 8 - 2 = -3*f. Suppose 2*q + 2*q - 136 = b. Suppose g + 5 = q. What is the tens digit of g?
2
What is the thousands digit of (-8 + 1 + 6 - (1 - 0)) + 20653?
0
Let d(z) be the third derivative of -z**4/6 - 3*z**3 + 9*z**2. Let j be d(-5). Suppose j*a - 36 = 104. What is the units digit of a?
0
Suppose -4*z - 4*m - 312 = 0, 0*m - 141 = 2*z - m. Let k = z + 78. Suppose l + 70 = x + 16, -20 = -k*l. What is the units digit of x?
8
What is the hundreds digit of ((-30)/(-95))/(-3) + 4562910/209?
8
Suppose -5*q + 229 = -96. Let r = q - 20. What is the tens digit of r?
4
Let k(j) = -15*j - 33. Let y be k(-7). What is the units digit of 71/((y/(-63))/(-8))?
7
Let f = 61 + 14. Let r = f + -72. Suppose 0 = -4*j + 9*j + r*i - 124, -2*i + 126 = 5*j. What is the units digit of j?
6
Suppose -3*y + 14 + 8 = -u, y + 3*u - 24 = 0. Let l(i) = 55*i + 24. What is the hundreds digit of l(y)?
5
Suppose 0 = 2*t - 5*f - 5087, 4*f - 6370 = -4*t + 3762. Let h = -1201 + t. What is the tens digit of h?
3
Let c(i) = 1035*i**2 + 151*i - 83. What is the thousands digit of c(4)?
7
Suppose 9791 = 3*s - 4*c - 4399, s = 3*c + 4740. What is the tens digit of s?
2
Let q(u) = 8*u - 7. Suppose 16 = 4*c - 5*n, -3*c + 0*n + 12 = -n. Suppose 0 = 5*m + 3*r - 39, c*r + 44 = 6*m - 2*m. What is the units digit of q(m)?
5
What is the units digit of 13 + (-13652130)/(-225) - 10/75?
9
Let m = 160 - 55. Let x = 123 - m. What is the tens digit of (-454)/(-12) + 3/x?
3
Let z(f) = 5*f - 42. Let o be z(11). Suppose -3*s = 2*n - 3924, n - o*s + 14*s - 1961 = 0. What is the units digit of n?
9
Suppose -67*s - 5362416 = -211*s. What is the tens digit of s?
3
Let k(t) = 3*t**2 + 47*t + 13. Let s(u) = -u - 12*u - u**2 + u - 4*u - 4. Let o(h) = 4*k(h) + 11*s(h). What is the units digit of o(-14)?
6
Suppose -12875 = -c + 65*g - 70*g, -2*c = g - 25777. What is the ten thousands digit of c?
1
Let z(m) = -7*m**3 - 37*m**2 + 78*m + 34. Let l(p) = -4*p**3 - 18*p**2 + 39*p + 16. Let t(k) = 5*l(k) - 3*z(k). What is the units digit of t(-18)?
2
Let i(t) = 227*t - 1. Let m be i(-3). Let n = m - -987. What is the units digit of n?
5
Let a(h) be the first derivative of 5*h**2/2 + 62*h + 3. Let j be a(0). Suppose 0 = 3*i - 3*x - 32 - 40, -3*i + 5*x + j = 0. What is the tens digit of i?
2
Suppose 5*k - 179 = -3*s, 216 = 7*s - 3*s + k. Suppose m + o - 478 = -s, -m - 5*o = -429. What is the tens digit of m?
2
Let i be 4/(1/(-1146)*4). What is the hundreds digit of (i/(-4))/((-27)/(-18))?
1
Suppose 92*r - 94*r = 1278. Let a = -562 - r. What is the units digit of a?
7
What is the hundreds digit of (-9745)/((-425)/(-255)*3/(-2))?
8
Let c(w) = 2*w**3 + w + 8281. What is the hundreds digit of c(0)?
2
Let r(m) = -33*m + 96. Let l be r(-6). Suppose 3*c - t - 288 = 0, t - l = -10*c + 7*c. What is the units digit of c?
7
What is the hundreds digit of (54/(-27))/(1/(-4754))?
5
Let q be (-11)/(-1*(-8)/(-296)). Let c = -79 + q. What is the hundreds digit of c?
3
Let g = 7737 - 6196. What is the tens digit of g?
4
Suppose -5*g + 5*u + 7178 = 123, 0 = -g - 5*u + 1453. What is the tens digit of g?
1
Let h = -282 + 367. Let q = h - -408. What is the hundreds digit of q?
4
Let w(t) = t - 7. Let f be w(9). Suppose -2*k + 5 = -f*r - 5, 3 = 3*k + r. Suppose -4*a - k*v + 464 = 0, v + 116 = -0*a + a. What is the tens digit of